{"id":200,"date":"2025-04-04T17:19:36","date_gmt":"2025-04-04T20:19:36","guid":{"rendered":"https:\/\/pousadalagodafonte.com.br\/2025\/?page_id=200"},"modified":"2026-01-10T10:46:47","modified_gmt":"2026-01-10T13:46:47","slug":"precos","status":"publish","type":"page","link":"https:\/\/pousadalagodafonte.com.br\/2025\/precos\/","title":{"rendered":"Pre\u00e7os"},"content":{"rendered":"\t\t<div data-elementor-type=\"wp-page\" data-elementor-id=\"200\" class=\"elementor elementor-200\">\n\t\t\t\t<div class=\"elementor-element elementor-element-c2e0b4f e-flex e-con-boxed wpr-particle-no wpr-jarallax-no wpr-parallax-no wpr-sticky-section-no e-con e-parent\" data-id=\"c2e0b4f\" data-element_type=\"container\">\n\t\t\t\t\t<div class=\"e-con-inner\">\n\t\t\t\t<div class=\"elementor-element elementor-element-b95847a elementor-widget elementor-widget-html\" data-id=\"b95847a\" data-element_type=\"widget\" data-widget_type=\"html.default\">\n\t\t\t\t<div class=\"elementor-widget-container\">\n\t\t\t\t\t<!DOCTYPE html>\n<html lang=\"pt-BR\">\n<head>\n  <meta charset=\"UTF-8\">\n  <title>Di\u00e1rias Pousada 2025<\/title>\n  <style>\n    body {\n      font-family: Arial, sans-serif;\n      background-color: #f9f9f9;\n      padding: 20px;\n    }\n    h1 {\n      color: #007f9b;\n      text-align: center;\n    }\n    table {\n      width: 80%;\n      margin: 20px auto;\n      border-collapse: separate;\n      border-spacing: 0;\n      border: 2px solid #00bcd4; \/* Azul \u00e1gua *\/\n      border-radius: 10px;\n      overflow: hidden;\n      background-color: #ffffff;\n    }\n    th, td {\n      padding: 15px;\n      text-align: left;\n      border-bottom: 1px solid #e0f7fa;\n    }\n    th {\n      background-color: #00bcd4;\n      color: white;\n      font-size: 18px;\n    }\n    tr:hover {\n      background-color: #e0f7fa;\n    }\n    .section-title {\n      margin-top: 40px;\n      text-align: center;\n      font-size: 22px;\n      color: #007f9b;\n    }\n  <\/style>\n<\/head>\n<body>\n\n<h1>Pacote 5 dias - Carnaval 2026<\/h1>\n<p class=\"section-title\">(Dias 13\/02 a 17\/02 ou 14\/02 a 18\/02)<\/p>\n\n<table>\n  <thead>\n    <tr>\n      <th>Tipo de Acomoda\u00e7\u00e3o<\/th>\n      <th>Valor do Pacote<\/th>\n    <\/tr>\n  <\/thead>\n  <tbody>\n    <tr>\n      <td>\ud83c\udf32 Cabana para 2 pessoas<\/td>\n      <td>R$ 750,00<\/td>\n    <\/tr>\n    <tr>\n      <td>\ud83c\udfe0 Casa at\u00e9 8 pessoas<\/td>\n      <td>R$ 2.800,00<\/td>\n    <\/tr>\n    <tr>\n      <td>\ud83c\udfe0 Apartamento para 4 pessoas<\/td>\n      <td>R$ 1.500,00<\/td>\n    <\/tr>\n    <tr>\n      <td>\ud83c\udfe0 Apartamento para 4 pessoas com ar condicionado<\/td>\n      <td>R$ 1.650,00<\/td>\n    <\/tr>\n    <tr>\n      <td>\ud83c\udfe0 Apartamento para 6 pessoas<\/td>\n      <td>R$ 1.900,00<\/td>\n    <\/tr>\n    <tr>\n      <td>\u26fa Barraca<\/td>\n      <td>R$ 40,00 a di\u00e1ria por pessoa<\/td>\n    <\/tr>\n  <\/tbody>\n<\/table>\n\n<h1>Di\u00e1rias - Temporada 2026<\/h1>\n\n<table>\n  <thead>\n    <tr>\n      <th>Tipo de Acomoda\u00e7\u00e3o<\/th>\n      <th>Valor da Di\u00e1ria<\/th>\n    <\/tr>\n  <\/thead>\n  <tbody>\n    <tr>\n      <td>\ud83c\udf32 Casa para 8 pessoas <\/td>\n      <td>R$ 420,00<\/td>\n    <\/tr>\n    <tr>\n      <td>\ud83c\udfe0 Apartamento para 2 pessoas<\/td>\n      <td>R$ 190,00<\/td>\n    <\/tr>\n    <tr>\n      <td>\ud83c\udfe0 Apartamento para 3 pessoas<\/td>\n      <td>R$ 220,00<\/td>\n    <\/tr>\n    <tr>\n      <td>\ud83c\udfe0 Apartamento para 4 pessoas<\/td>\n      <td>R$ 260,00<\/td>\n    <\/tr>\n    <tr>\n      <td>\ud83c\udfe0 Apartamento para 6 pessoas<\/td>\n      <td>R$ 320,00<\/td>\n    <\/tr>\n    <tr>\n      <td>\u26fa Barraca<\/td>\n      <td>R$ 40,00<\/td>\n    <\/tr>\n  <\/tbody>\n<\/table>\n\n<\/body>\n<\/html>\t\t\t\t<\/div>\n\t\t\t\t<\/div>\n\t\t\t\t\t<\/div>\n\t\t\t\t<\/div>\n\t\t\t\t<\/div>\n\t\t","protected":false},"excerpt":{"rendered":"<p>Di\u00e1rias Pousada 2025 Pacote 5 dias &#8211; Carnaval 2026 (Dias 13\/02 a 17\/02 ou 14\/02 a 18\/02) Tipo de Acomoda\u00e7\u00e3o Valor do Pacote \ud83c\udf32 Cabana para 2 pessoas R$ 750,00 \ud83c\udfe0 Casa at\u00e9 8 pessoas R$ 2.800,00 \ud83c\udfe0 Apartamento para 4 pessoas R$ 1.500,00 \ud83c\udfe0 Apartamento para 4 pessoas com ar condicionado R$ 1.650,00 \ud83c\udfe0 Apartamento para 6 pessoas R$ 1.900,00 \u26fa Barraca R$ 40,00 a di\u00e1ria por pessoa Di\u00e1rias &#8211; Temporada 2026 Tipo de Acomoda\u00e7\u00e3o Valor da Di\u00e1ria \ud83c\udf32 Casa para 8 pessoas R$ 420,00 \ud83c\udfe0 Apartamento para 2 pessoas R$ 190,00 \ud83c\udfe0 Apartamento para 3 pessoas R$ 220,00 \ud83c\udfe0 Apartamento para 4 pessoas R$ 260,00 \ud83c\udfe0 Apartamento para 6 pessoas R$ 320,00 \u26fa Barraca R$ 40,00<\/p>\n","protected":false},"author":1,"featured_media":0,"parent":0,"menu_order":0,"comment_status":"closed","ping_status":"closed","template":"","meta":{"footnotes":""},"class_list":["post-200","page","type-page","status-publish","hentry"],"_links":{"self":[{"href":"https:\/\/pousadalagodafonte.com.br\/2025\/wp-json\/wp\/v2\/pages\/200","targetHints":{"allow":["GET"]}}],"collection":[{"href":"https:\/\/pousadalagodafonte.com.br\/2025\/wp-json\/wp\/v2\/pages"}],"about":[{"href":"https:\/\/pousadalagodafonte.com.br\/2025\/wp-json\/wp\/v2\/types\/page"}],"author":[{"embeddable":true,"href":"https:\/\/pousadalagodafonte.com.br\/2025\/wp-json\/wp\/v2\/users\/1"}],"replies":[{"embeddable":true,"href":"https:\/\/pousadalagodafonte.com.br\/2025\/wp-json\/wp\/v2\/comments?post=200"}],"version-history":[{"count":42,"href":"https:\/\/pousadalagodafonte.com.br\/2025\/wp-json\/wp\/v2\/pages\/200\/revisions"}],"predecessor-version":[{"id":453,"href":"https:\/\/pousadalagodafonte.com.br\/2025\/wp-json\/wp\/v2\/pages\/200\/revisions\/453"}],"wp:attachment":[{"href":"https:\/\/pousadalagodafonte.com.br\/2025\/wp-json\/wp\/v2\/media?parent=200"}],"curies":[{"name":"wp","href":"https:\/\/api.w.org\/{rel}","templated":true}]}}